201200122
a4040c (base 14) to base 9
11362384
What is -221232103 (base 4) in base 13?
-5ca31
What is 1001120021111201 (base 3) in base 13?
31b6ba4
What is -261451 (base 14) in base 3?
-2110112122000
What is -600345 (base 11) in base 7?
-11134264
Convert 100011011110101100101111 (base 2) to base 7.
142024662
What is 112710 (base 12) in base 7?
2220651
10001110011101011000 (base 2) to base 9
1078376
Convert 7512b (base 15) to base 5.
43342031
Convert c32d7 (base 14) to base 9.
785405
216042 (base 10) to base 9
358316
6c5b (base 14) to base 3
221220220
-102020010121010 (base 3) to base 5
-3011412241
What is -263311 (base 7) in base 2?
-1100000000110100
101102020201110 (base 3) to base 7
65024265
110000100011101000011 (base 2) to base 10
1591107
What is -12213303 (base 5) in base 15?
-248a3
Convert 1e32f (base 16) to base 5.
12424240
Convert -1176513 (base 8) to base 10.
-326987
Convert 67852a (base 11) to base 3.
2000212120220
1b8b356 (base 13) to base 14
1307a65
Convert 16d062 (base 14) to base 11.
4aa130
Convert 100011010020 (base 3) to base 11.
113393
Convert -57b46 (base 12) to base 10.
-117414
What is 174848 (base 9) in base 3?
12111221122
-10000100100100001001 (base 2) to base 9
-1016746
What is 111100101010100100 (base 2) in base 12?
bb970
What is d6bdd (base 15) in base 9?
1247211
Convert 3b1ddc (base 14) to base 12.
82553a
What is -1318443 (base 9) in base 5?
-141040334
What is 203405 (base 7) in base 2?
1000100000011100
Convert 58341a0 (base 11) to base 14.
14d58b9
What is 4139945 (base 10) in base 11?
2378447
Convert -1079a2 (base 14) to base 2.
-10001000011101011010
100000111001010101010 (base 2) to base 7
12106440
What is 116776 (base 8) in base 7?
225630
1113011431 (base 5) to base 16
25aef0
What is 1b8258a (base 12) in base 15?
7b6271
What is 140a41a (base 14) in base 6?
544033240
410894 (base 14) to base 3
11010100001100
What is 16665a9 (base 11) in base 16?
2b3ff7
Convert -5634620 (base 8) to base 6.
-52342332
What is -2273342 (base 8) in base 9?
-1144745
-3142153 (base 9) to base 11
-a49127
Convert -414432221 (base 5) to base 7.
-20413124
-20200110201220 (base 3) to base 13
-974b11
What is -10101120111 (base 3) in base 10?
-66757
What is 255014 (base 9) in base 3?
21212000111
-268439 (base 16) to base 2
-1001101000010000111001
What is -883187 (base 9) in base 10?
-527227
31b324 (base 15) to base 9
4406307
What is -28307 (base 10) in base 16?
-6e93
Convert 13110321 (base 5) to base 8.
373504
Convert -2625562 (base 8) to base 4.
-2302231302
What is -19a9191 (base 14) in base 11?
-7239172
-1001001011101001011000 (base 2) to base 16
-24ba58
Convert -5043453 (base 7) to base 15.
-bc7ac
27618 (base 12) to base 10
54452
-46530304 (base 7) to base 13
-b033a4
What is 6130b1 (base 12) in base 6?
52320341
Convert -233e19 (base 16) to base 11.
-1338309
6433b (base 14) to base 15
4bb0d
4223021 (base 6) to base 12
9aa71
Convert 37836 (base 12) to base 7.
433053
What is -15533342 (base 6) in base 9?
-1037658
Convert -22114124 (base 6) to base 5.
-132210142
-2020220220201 (base 3) to base 2
-100100100110000100111
Convert 470288 (base 11) to base 10.
747029
Convert -1e8486 (base 16) to base 14.
-3a0c18
-40766424 (base 8) to base 11
-4975887
3765ce (base 15) to base 2
1010000111111101110101
What is 10101111001011110 (base 2) in base 6?
1531130
What is 110011001101001 (base 2) in base 13?
bc19
52650 (base 9) to base 12
18176
Convert a19260 (base 11) to base 7.
16626605
What is 14145223 (base 9) in base 14?
d0234a
222444212 (base 5) to base 14
1b89d9
Convert 159658 (base 15) to base 4.
3332331110
Convert -122466 (base 12) to base 14.
-79418
Convert 37104 (base 8) to base 16.
3e44
What is -76afc (base 16) in base 14?
-c9244
Convert 4541404 (base 6) to base 5.
24343202
334139 (base 10) to base 13
b9120
Convert 1110100011110001011100 (base 2) to base 3.
21011220022100
Convert 2212311203 (base 4) to base 16.
a6d63
1107871 (base 9) to base 12
249101
17723763 (base 8) to base 14
7a8471
Convert -102660304 (base 8) to base 7.
-301641061
Convert -202101021112 (base 3) to base 13.
-11078c
-5cc1b3 (base 14) to base 13
-875c85
Convert -a7341 (base 11) to base 4.
-212013213
What is -1000111100101001 (base 2) in base 8?
-107451
51676 (base 10) to base 4
30213130
-2cf3e0 (base 16) to base 15
-3d2d61
What is -4200412 (base 5) in base 14?
-1b145
Convert 11405052 (base 7) to base 6.
33352420
-8b110 (base 12) to base 7
-1400340
What is 3775607 (base 8) in base 7?
11621510
-2103362 (base 7) to base 4
-331312031
-11853118 (base 9) to base 14
-ab7976
33120100 (base 4) to base 11
43366
Convert -1b68665 (base 14) to base 15.
-13090c8
Convert 2122213112 (base 4) to base 13.
192347
What is ac485 (base 16) in base 5?
140040134
-1314464 (base 8) to base 12
-1583b0
6a7cc (base 13) to base 2
101111100001111111
Convert 3079e2 (base 16) to base 15.
42b4a5
What is 20212122210 (base 3) in base 7?
1102410
Convert -66604 (base 12) to base 8.
-410744
222102201202 (base 3) to base 6
15052502
-3c8d7 (base 14) to base 6
-3114045
47145 (base 13) to base 3
20121010020
-757536 (base 8) to base 13
-8b694
What is -314023 (base 5) in base 11?
-7998
1d1b21 (base 14) to base 13
2a6483
What is ed7a8 (base 15) in base 6?
24100222
-5a913 (base 14) to base 11
-1412a3
What is -10424122 (base 5) in base 11?
-63481
What is -21115042 (base 7) in base 13?
-4a6a28
What is 1426188 (base 10) in base 16?
15c30c
What is -22434433 (base 5) in base 2?
-110001011011111101
What is 661c0 (base 16) in base 13?
1184a4
Convert -4d155 (base 15) to base 12.
-ba908
-1863399 (base 12) to base 9
-10543170
-3aa0b6 (base 12) to base 6
-32452350
What is -10000110001100010 (base 2) in base 7?
-404211
-1021100122 (base 3) to base 7
-133010
Convert -23440545 (base 6) to base 5.
-142030322
Convert 40353550 (base 6) to base 11.
716358
Convert 34a4086 (base 11) to base 12.
2068363
124134131 (base 5) to base 6
21102500
150509 (base 11) to base 14
61846
-611152 (base 9) to base 3
-200101011202
What is 100111000111101101 (base 2) in base 10?
160237
What is -31006 (base 13) in base 12?
-42a3a
Convert 11012000102102 (base 3) to base 16.
21f167
What is -194b3a (base 16) in base 11?
-a32472
Convert 4809ab (base 12) to base 5.
244201033
What is -1010100101111010111 (base 2) in base 12?
-148a47
What is -8f4a (base 16) in base 8?
-107512
What is 13102312113 (base 4) in base 7?
22152654
What is -360161 (base 8) in base 15?
-26698
Convert 5bda (base 16) to base 2.
101101111011010
Convert -11100210 (base 3) to base 7.
-12162
-1023321210 (base 4) to base 7
-2433240
Convert b8302 (base 12) to base 10.
242354
Convert 4829d (base 15) to base 6.
4533134
What is -427706 (base 12) in base 8?
-4002466
What is -133030231233 (base 4) in base 14?
-112c739
Convert -2304051 (base 8) to base 7.
-5211141
Convert 3c901 (base 13) to base 6.
2233441
What is 1026765 (base 8) in base 16?
42df5
Convert 464110 (base 10) to base 6.
13540354
What is 59b2b8 (base 12) in base 7?
15220022
What is -69b78a (base 13) in base 6?
-125445343
22100120010222 (base 3) to base 13
bc5a69
What is -10010001110010110 (base 2) in base 10?
-74646
What is -910c9a (base 16) in base 6?
-535425002
210618 (base 9) to base 8
364352
What is -14099a (base 14) in base 11?
-433a53
Convert -6a6241 (base 11) to base 6.
-40005433
Convert -372065 (base 9) to base 12.
-a9b7b
Convert -8872b (base 12) to base 15.
-38855
1101102112001 (base 3) to base 4
2303312131
What is 24d6a4 (base 16) in base 8?
11153244
-2147922 (base 12) to base 7
-104460245
-16982 (base 12) to base 7
-163514
Convert -121223102 (base 4) to base 14.
-2a482
Convert -54274 (base 10) to base 8.
-152002
What is 37496 (base 12) in base 5?
4344434
Convert 26ab170 (base 12) to base 9.
15422743
1010011000100000100 (base 2) to base 6
11143044
What is 3f3d83 (base 16) in base 13?
b2159b
Convert 1295101 (base 10) to base 5.
312420401
Convert -352638 (base 9) to base 11.
-135255
-243140404 (base 5) to base 15
-1799d9
-100110011101011111111111 (base 2) to base 3
-200222020022122
Convert 23332001 (base 5) to base 14.
58306
Convert 2b209b (base 15) to base 7.
23462330
-2033041 (base 9) to base 13
-2bc9b4
Convert -15d89 (base 15) to base 7.
-412461
What is 10255 (base 12) in base 14?
7985
-521675 (base 8) to base 9
-283260
What is 222101 (bas